{"id":226,"date":"2013-04-23T14:39:50","date_gmt":"2013-04-23T12:39:50","guid":{"rendered":"http:\/\/www.iesemilidarder.com\/web\/?page_id=226"},"modified":"2018-05-15T23:11:02","modified_gmt":"2018-05-15T21:11:02","slug":"226-2","status":"publish","type":"page","link":"https:\/\/www.iesemilidarder.com\/web\/226-2\/","title":{"rendered":"Qu\u00ed era Emili Darder?"},"content":{"rendered":"<p>Emili Darder va n\u00e9ixer a Palma el 20 de Juny de 1895. Era fill d\u2019un metge i com li agradaven molt els estudis, tamb\u00e9 va voler \u00e9sser metge com son pare. Va anar a estudiar a Barcelona i als vint anys ja era metge. Va venir a treballar a Palma a l\u2019Institut d\u2019Higiene on molts de vosaltres us haureu anat a vacunar alguna vegada, prop de la Pla\u00e7a dels Patins. Es va casar i va tenir una filla.<\/p>\n<p><a href=\"https:\/\/i0.wp.com\/www.iesemilidarder.com\/web\/public_html\/web\/wp-content\/uploads\/2018\/05\/emili-darder.jpeg?ssl=1\"><img data-recalc-dims=\"1\" loading=\"lazy\" decoding=\"async\" data-attachment-id=\"902261\" data-permalink=\"https:\/\/www.iesemilidarder.com\/web\/226-2\/emili-darder\/\" data-orig-file=\"https:\/\/i0.wp.com\/www.iesemilidarder.com\/web\/public_html\/web\/wp-content\/uploads\/2018\/05\/emili-darder.jpeg?fit=1018%2C1018&amp;ssl=1\" data-orig-size=\"1018,1018\" data-comments-opened=\"0\" data-image-meta=\"{&quot;aperture&quot;:&quot;0&quot;,&quot;credit&quot;:&quot;&quot;,&quot;camera&quot;:&quot;&quot;,&quot;caption&quot;:&quot;&quot;,&quot;created_timestamp&quot;:&quot;0&quot;,&quot;copyright&quot;:&quot;&quot;,&quot;focal_length&quot;:&quot;0&quot;,&quot;iso&quot;:&quot;0&quot;,&quot;shutter_speed&quot;:&quot;0&quot;,&quot;title&quot;:&quot;&quot;,&quot;orientation&quot;:&quot;1&quot;}\" data-image-title=\"emili-darder\" data-image-description=\"\" data-image-caption=\"\" data-large-file=\"https:\/\/i0.wp.com\/www.iesemilidarder.com\/web\/public_html\/web\/wp-content\/uploads\/2018\/05\/emili-darder.jpeg?fit=812%2C812&amp;ssl=1\" class=\"aligncenter size-medium wp-image-902261\" src=\"https:\/\/i0.wp.com\/www.iesemilidarder.com\/web\/public_html\/web\/wp-content\/uploads\/2018\/05\/emili-darder.jpeg?resize=300%2C300&#038;ssl=1\" alt=\"\" width=\"300\" height=\"300\" srcset=\"https:\/\/i0.wp.com\/www.iesemilidarder.com\/web\/public_html\/web\/wp-content\/uploads\/2018\/05\/emili-darder.jpeg?resize=300%2C300&amp;ssl=1 300w, https:\/\/i0.wp.com\/www.iesemilidarder.com\/web\/public_html\/web\/wp-content\/uploads\/2018\/05\/emili-darder.jpeg?resize=150%2C150&amp;ssl=1 150w, https:\/\/i0.wp.com\/www.iesemilidarder.com\/web\/public_html\/web\/wp-content\/uploads\/2018\/05\/emili-darder.jpeg?resize=768%2C768&amp;ssl=1 768w, https:\/\/i0.wp.com\/www.iesemilidarder.com\/web\/public_html\/web\/wp-content\/uploads\/2018\/05\/emili-darder.jpeg?w=1018&amp;ssl=1 1018w\" sizes=\"auto, (max-width: 300px) 100vw, 300px\" \/><\/a><\/p>\n<p>Com a metge, Emili volia explicar a la gent les mesures per poder evitar les malalties que venien de les aig\u00fces contaminades i la import\u00e0ncia de la higiene a les cases i a la ciutat. Anava pels pobles i feia confer\u00e8ncies per donar a con\u00e8ixer com evitar les malalties.<\/p>\n<p>Emili Darder participava activament a la vida cultural de la nostra ciutat, ell va ser un dels fundadors de l\u2019Associaci\u00f3 de la Cultura per a Mallorca, que tenia una secci\u00f3 pels joves. Escrivia a revistes i estimava molt la nostra llengua i cultura i la volia donar a con\u00e8ixer a tothom.<\/p>\n<p>Com us podeu imaginar, a l\u2019\u00e8poca que va viure Emili Darder a Palma hi havia molt poques escoles, molts de nins i nines no hi anaven i les que hi havia no estaven en massa bon estat. Emili es va proposar fer escoles per tal que tots els nins i nines de Ciutat poguessin aprendre i tamb\u00e9 divertir-se organitzant col\u00f2nies escolars. Tamb\u00e9 va instaurar menjadors a les escoles i va procurar fer guarderies pels fills de les mares treballadores.<\/p>\n<p>Com va fer tot aix\u00f2 Emili Darder? Doncs el temps que li va tocar viure no va \u00e9sser f\u00e0cil. Era l\u2019\u00e8poca de la Segona Rep\u00fablica i va \u00e9sser elegit primer regidor de cultura i sanitat, i despr\u00e9s batle de Palma. A l\u2019Ajuntament va poder posar en marxa els seus somnis de fer una ciutat digna dels seus ciutadans. Va ser ell que va impulsar les obres de canalitzaci\u00f3 d\u2019aig\u00fces i va controlar que les cases tinguessin aigua corrent i waters.<\/p>\n<p>Ja us hem dit que l\u2019\u00e8poca que li va tocar viure al nostre amic Emili no va \u00e9sser gens f\u00e0cil. El 18 de Juliol de 1936, els militars encap\u00e7alats pel General Franco s\u2019aixecaren contra el govern i va comen\u00e7ar la Guerra Civil Espanyola. Emili Darder estava molt malalt, per\u00f2 malgrat aix\u00f2 com era batle de Palma, els militars l\u2019anaren a cercar a ca seva i el van empresonar al Castell de Bellver, juntament amb d\u2019altres. El 16 de febrer de 1937 li van fer Consell de Guerra i el van condemnar a mort. La sent\u00e8ncia es va complir.<\/p>\n<p>El dia 24 de febrer de 1937 es va viure un dels fets m\u00e9s lamentables que hem de recordar per que no torni a passar mai m\u00e9s. Emili Darder fou afusellat d\u2019assegut, ja que estava molt malalt, al Cementeri de Palma.<\/p>\n<p><a href=\"http:\/\/ca.wikipedia.org\/wiki\/Emili_Darder\" rel=\"external\">Vegeu l\u2019entrada sobre Emili Darder a la Viquip\u00e8dia<\/a><\/p>\n","protected":false},"excerpt":{"rendered":"<p>Emili Darder va n\u00e9ixer a Palma el 20 de Juny de 1895. Era fill d\u2019un metge i com li agradaven molt els estudis, tamb\u00e9 va voler \u00e9sser metge com son pare. Va anar a estudiar a Barcelona i als vint anys ja era metge. Va venir a treballar a Palma a l\u2019Institut d\u2019Higiene on molts [&hellip;]<\/p>\n","protected":false},"author":1,"featured_media":0,"parent":0,"menu_order":0,"comment_status":"closed","ping_status":"closed","template":"","meta":{"zakra_page_container_layout":"customizer","zakra_page_sidebar_layout":"customizer","zakra_remove_content_margin":false,"zakra_sidebar":"customizer","zakra_transparent_header":"customizer","zakra_logo":0,"zakra_main_header_style":"default","zakra_menu_item_color":"","zakra_menu_item_hover_color":"","zakra_menu_item_active_color":"","zakra_menu_active_style":"","zakra_page_header":true,"footnotes":""},"class_list":["post-226","page","type-page","status-publish","hentry"],"jetpack_shortlink":"https:\/\/wp.me\/P3jygz-3E","jetpack_sharing_enabled":true,"_links":{"self":[{"href":"https:\/\/www.iesemilidarder.com\/web\/wp-json\/wp\/v2\/pages\/226","targetHints":{"allow":["GET"]}}],"collection":[{"href":"https:\/\/www.iesemilidarder.com\/web\/wp-json\/wp\/v2\/pages"}],"about":[{"href":"https:\/\/www.iesemilidarder.com\/web\/wp-json\/wp\/v2\/types\/page"}],"author":[{"embeddable":true,"href":"https:\/\/www.iesemilidarder.com\/web\/wp-json\/wp\/v2\/users\/1"}],"replies":[{"embeddable":true,"href":"https:\/\/www.iesemilidarder.com\/web\/wp-json\/wp\/v2\/comments?post=226"}],"version-history":[{"count":2,"href":"https:\/\/www.iesemilidarder.com\/web\/wp-json\/wp\/v2\/pages\/226\/revisions"}],"predecessor-version":[{"id":902263,"href":"https:\/\/www.iesemilidarder.com\/web\/wp-json\/wp\/v2\/pages\/226\/revisions\/902263"}],"wp:attachment":[{"href":"https:\/\/www.iesemilidarder.com\/web\/wp-json\/wp\/v2\/media?parent=226"}],"curies":[{"name":"wp","href":"https:\/\/api.w.org\/{rel}","templated":true}]}}

Quí era Emili Darder?

<p>Emili Darder va néixer a Palma el 20 de Juny de 1895. Era fill d’un metge i com li agradaven molt els estudis, també va voler ésser metge com son pare. Va anar a estudiar a Barcelona i als vint anys ja era metge. Va venir a treballar a Palma a l’Institut d’Higiene on molts de vosaltres us haureu anat a vacunar alguna vegada, prop de la Plaça dels Patins. Es va casar i va tenir una filla.</p>
<p><a href="https://i0.wp.com/www.iesemilidarder.com/web/public_html/web/wp-content/uploads/2018/05/emili-darder.jpeg?ssl=1"><img data-recalc-dims="1" loading="lazy" decoding="async" data-attachment-id="902261" data-permalink="https://www.iesemilidarder.com/web/226-2/emili-darder/" data-orig-file="https://i0.wp.com/www.iesemilidarder.com/web/public_html/web/wp-content/uploads/2018/05/emili-darder.jpeg?fit=1018%2C1018&amp;ssl=1" data-orig-size="1018,1018" data-comments-opened="0" data-image-meta="{&quot;aperture&quot;:&quot;0&quot;,&quot;credit&quot;:&quot;&quot;,&quot;camera&quot;:&quot;&quot;,&quot;caption&quot;:&quot;&quot;,&quot;created_timestamp&quot;:&quot;0&quot;,&quot;copyright&quot;:&quot;&quot;,&quot;focal_length&quot;:&quot;0&quot;,&quot;iso&quot;:&quot;0&quot;,&quot;shutter_speed&quot;:&quot;0&quot;,&quot;title&quot;:&quot;&quot;,&quot;orientation&quot;:&quot;1&quot;}" data-image-title="emili-darder" data-image-description="" data-image-caption="" data-large-file="https://i0.wp.com/www.iesemilidarder.com/web/public_html/web/wp-content/uploads/2018/05/emili-darder.jpeg?fit=812%2C812&amp;ssl=1" class="aligncenter size-medium wp-image-902261" src="https://i0.wp.com/www.iesemilidarder.com/web/public_html/web/wp-content/uploads/2018/05/emili-darder.jpeg?resize=300%2C300&#038;ssl=1" alt="" width="300" height="300" srcset="https://i0.wp.com/www.iesemilidarder.com/web/public_html/web/wp-content/uploads/2018/05/emili-darder.jpeg?resize=300%2C300&amp;ssl=1 300w, https://i0.wp.com/www.iesemilidarder.com/web/public_html/web/wp-content/uploads/2018/05/emili-darder.jpeg?resize=150%2C150&amp;ssl=1 150w, https://i0.wp.com/www.iesemilidarder.com/web/public_html/web/wp-content/uploads/2018/05/emili-darder.jpeg?resize=768%2C768&amp;ssl=1 768w, https://i0.wp.com/www.iesemilidarder.com/web/public_html/web/wp-content/uploads/2018/05/emili-darder.jpeg?w=1018&amp;ssl=1 1018w" sizes="auto, (max-width: 300px) 100vw, 300px" /></a></p>
<p>Com a metge, Emili volia explicar a la gent les mesures per poder evitar les malalties que venien de les aigües contaminades i la importància de la higiene a les cases i a la ciutat. Anava pels pobles i feia conferències per donar a conèixer com evitar les malalties.</p>
<p>Emili Darder participava activament a la vida cultural de la nostra ciutat, ell va ser un dels fundadors de l’Associació de la Cultura per a Mallorca, que tenia una secció pels joves. Escrivia a revistes i estimava molt la nostra llengua i cultura i la volia donar a conèixer a tothom.</p>
<p>Com us podeu imaginar, a l’època que va viure Emili Darder a Palma hi havia molt poques escoles, molts de nins i nines no hi anaven i les que hi havia no estaven en massa bon estat. Emili es va proposar fer escoles per tal que tots els nins i nines de Ciutat poguessin aprendre i també divertir-se organitzant colònies escolars. També va instaurar menjadors a les escoles i va procurar fer guarderies pels fills de les mares treballadores.</p>
<p>Com va fer tot això Emili Darder? Doncs el temps que li va tocar viure no va ésser fàcil. Era l’època de la Segona República i va ésser elegit primer regidor de cultura i sanitat, i després batle de Palma. A l’Ajuntament va poder posar en marxa els seus somnis de fer una ciutat digna dels seus ciutadans. Va ser ell que va impulsar les obres de canalització d’aigües i va controlar que les cases tinguessin aigua corrent i waters.</p>
<p>Ja us hem dit que l’època que li va tocar viure al nostre amic Emili no va ésser gens fàcil. El 18 de Juliol de 1936, els militars encapçalats pel General Franco s’aixecaren contra el govern i va començar la Guerra Civil Espanyola. Emili Darder estava molt malalt, però malgrat això com era batle de Palma, els militars l’anaren a cercar a ca seva i el van empresonar al Castell de Bellver, juntament amb d’altres. El 16 de febrer de 1937 li van fer Consell de Guerra i el van condemnar a mort. La sentència es va complir.</p>
<p>El dia 24 de febrer de 1937 es va viure un dels fets més lamentables que hem de recordar per que no torni a passar mai més. Emili Darder fou afusellat d’assegut, ja que estava molt malalt, al Cementeri de Palma.</p>
<p><a href="http://ca.wikipedia.org/wiki/Emili_Darder" rel="external">Vegeu l’entrada sobre Emili Darder a la Viquipèdia</a></p>

<p>Emili Darder va néixer a Palma el 20 de Juny de 1895. Era fill d’un metge i com li agradaven molt els estudis, també va voler ésser metge com son pare. Va anar a estudiar a Barcelona i als vint anys ja era metge. Va venir a treballar a Palma a l’Institut d’Higiene on molts [&hellip;]</p>
