{"id":735071,"date":"2015-10-16T20:24:38","date_gmt":"2015-10-16T18:24:38","guid":{"rendered":"http:\/\/www.iesemilidarder.com\/web\/?page_id=735071"},"modified":"2022-10-07T17:16:14","modified_gmt":"2022-10-07T15:16:14","slug":"assessorament-academic","status":"publish","type":"page","link":"https:\/\/www.iesemilidarder.com\/web\/assessorament-academic\/","title":{"rendered":"Assessorament Acad\u00e8mic"},"content":{"rendered":"<p>1. Formaci\u00f3 Professional<\/p>\n<p style=\"padding-left: 30px;\">a. \u00a0<a href=\"http:\/\/formacioprofessional.caib.es\/\" target=\"_blank\" rel=\"noopener\" data-saferedirecturl=\"https:\/\/www.google.com\/url?q=http:\/\/formacioprofessional.caib.es\/&amp;source=gmail&amp;ust=1634292694325000&amp;usg=AFQjCNHafIda7DmVNIOYLqihHZCCW0Mvlg\">FP:caib<\/a><br \/>\nb. <a href=\"http:\/\/todofp.es\/inicio.html\" target=\"_blank\" rel=\"noopener\">Todo FP<\/a><\/p>\n<p>2. Estudis Universitaris UIB<\/p>\n<p style=\"padding-left: 20px;\">a. <a href=\"https:\/\/estudis.uib.cat\/\" target=\"_blank\" rel=\"noopener\">Estudis UIB<\/a><br \/>\nb. <a href=\"https:\/\/informacio.uib.cat\/\" target=\"_blank\" rel=\"noopener\">Oficina d\u2019informaci\u00f3<\/a><br \/>\nc. <a href=\"https:\/\/estudis.uib.cat\/grau\/acces\/batxiller\/\" target=\"_blank\" rel=\"noopener\">PBAU<\/a><\/p>\n<p>3. Universitat Nacional d\u2019 Estudios a dist\u00e0ncia. <a href=\"https:\/\/www.uned.es\/universidad\/inicio.html\" target=\"_blank\" rel=\"noopener\">UNED<\/a><\/p>\n<p>4. <a href=\"http:\/\/www.caib.es\/sites\/infojove\/ca\/qui_som-75959\/?campa=yes\" target=\"_blank\" rel=\"noopener\">INFO JOVE<\/a><\/p>\n<p>5. Qu\u00e8 estudiar ( universitat). <a href=\"https:\/\/www.educacion.gob.es\/notasdecorte\/compBdDo\" target=\"_blank\" rel=\"noopener\">QEDU<\/a><\/p>\n<p>6. <a href=\"http:\/\/www.universia.es\/\" target=\"_blank\" rel=\"noopener\">UNIVERSIA<\/a> Informaci\u00f3 universit\u00e0ria de tot tipus ( acc\u00e9s, notes de tall, estudiar Europa,&#8230;).<\/p>\n<p>7. SOIB. <a href=\"https:\/\/soib.es\/es\/\" target=\"_blank\" rel=\"noopener\">Formaci\u00f3 i ocupaci\u00f3<\/a><\/p>\n","protected":false},"excerpt":{"rendered":"<p>1. Formaci\u00f3 Professional a. \u00a0FP:caib b. Todo FP 2. Estudis Universitaris UIB a. Estudis UIB b. Oficina d\u2019informaci\u00f3 c. PBAU [&hellip;]<\/p>\n","protected":false},"author":1,"featured_media":0,"parent":0,"menu_order":0,"comment_status":"closed","ping_status":"closed","template":"","meta":[],"_links":{"self":[{"href":"https:\/\/www.iesemilidarder.com\/web\/wp-json\/wp\/v2\/pages\/735071"}],"collection":[{"href":"https:\/\/www.iesemilidarder.com\/web\/wp-json\/wp\/v2\/pages"}],"about":[{"href":"https:\/\/www.iesemilidarder.com\/web\/wp-json\/wp\/v2\/types\/page"}],"author":[{"embeddable":true,"href":"https:\/\/www.iesemilidarder.com\/web\/wp-json\/wp\/v2\/users\/1"}],"replies":[{"embeddable":true,"href":"https:\/\/www.iesemilidarder.com\/web\/wp-json\/wp\/v2\/comments?post=735071"}],"version-history":[{"count":12,"href":"https:\/\/www.iesemilidarder.com\/web\/wp-json\/wp\/v2\/pages\/735071\/revisions"}],"predecessor-version":[{"id":904296,"href":"https:\/\/www.iesemilidarder.com\/web\/wp-json\/wp\/v2\/pages\/735071\/revisions\/904296"}],"wp:attachment":[{"href":"https:\/\/www.iesemilidarder.com\/web\/wp-json\/wp\/v2\/media?parent=735071"}],"curies":[{"name":"wp","href":"https:\/\/api.w.org\/{rel}","templated":true}]}}

Assessorament Acadèmic

<p>1. Formació Professional</p>
<p style="padding-left: 30px;">a.  <a href="http://formacioprofessional.caib.es/" target="_blank" rel="noopener" data-saferedirecturl="https://www.google.com/url?q=http://formacioprofessional.caib.es/&amp;source=gmail&amp;ust=1634292694325000&amp;usg=AFQjCNHafIda7DmVNIOYLqihHZCCW0Mvlg">FP:caib</a><br />
b. <a href="http://todofp.es/inicio.html" target="_blank" rel="noopener">Todo FP</a></p>
<p>2. Estudis Universitaris UIB</p>
<p style="padding-left: 20px;">a. <a href="https://estudis.uib.cat/" target="_blank" rel="noopener">Estudis UIB</a><br />
b. <a href="https://informacio.uib.cat/" target="_blank" rel="noopener">Oficina d’informació</a><br />
c. <a href="https://estudis.uib.cat/grau/acces/batxiller/" target="_blank" rel="noopener">PBAU</a></p>
<p>3. Universitat Nacional d’ Estudios a distància. <a href="https://www.uned.es/universidad/inicio.html" target="_blank" rel="noopener">UNED</a></p>
<p>4. <a href="http://www.caib.es/sites/infojove/ca/qui_som-75959/?campa=yes" target="_blank" rel="noopener">INFO JOVE</a></p>
<p>5. Què estudiar ( universitat). <a href="https://www.educacion.gob.es/notasdecorte/compBdDo" target="_blank" rel="noopener">QEDU</a></p>
<p>6. <a href="http://www.universia.es/" target="_blank" rel="noopener">UNIVERSIA</a> Informació universitària de tot tipus ( accés, notes de tall, estudiar Europa,&#8230;).</p>
<p>7. SOIB. <a href="https://soib.es/es/" target="_blank" rel="noopener">Formació i ocupació</a></p>

<p>1. Formació Professional a.  FP:caib b. Todo FP 2. Estudis Universitaris UIB a. Estudis UIB b. Oficina d’informació c. PBAU [&hellip;]</p>
