{"id":905796,"date":"2026-09-01T11:38:16","date_gmt":"2026-09-01T09:38:16","guid":{"rendered":"https:\/\/www.iesemilidarder.com\/web\/?page_id=905796"},"modified":"2026-09-01T11:38:16","modified_gmt":"2026-09-01T09:38:16","slug":"llibres-de-text-2026-27-actualitzat","status":"publish","type":"page","link":"https:\/\/www.iesemilidarder.com\/web\/llibres-de-text-2026-27-actualitzat\/","title":{"rendered":"Llibres de Text 2026-27 (actualitzat)"},"content":{"rendered":"<div>\n<h3>El nostre centre aposta per la sostenibilitat i el consum responsable mitjan\u00e7ant el reciclatge i la reutilitzaci\u00f3 de llibres de text en col\u00b7laboraci\u00f3 amb Iddink. Aquest projecte permet donar una segona vida als llibres escolars, reduint l\u2019impacte ambiental i fomentant valors com la responsabilitat, la solidaritat i el respecte pel medi ambient dins la nostra comunitat educativa.<\/h3>\n<h3>El programa de reutilitzaci\u00f3 de llibres d\u2019Iddink ofereix a les fam\u00edlies la possibilitat d\u2019adquirir llibres de text reutilitzables a un preu redu\u00eft, afavorint tant l\u2019estalvi econ\u00f2mic com la sostenibilitat.<\/h3>\n<h3>Els llibres s\u2019utilitzen durant tot el curs escolar i, una vegada finalitzat, es retornen en bon estat perqu\u00e8 puguin ser reutilitzats per altres alumnes el curs seg\u00fcent. D\u2019aquesta manera, contribu\u00efm entre tots a un \u00fas m\u00e9s eficient dels recursos i a la reducci\u00f3 de residus.<\/h3>\n<\/div>\n<p class=\"wp-block-paragraph\"><strong>V\u00eddeos explicatius<\/strong>\u00a0sobre el funcionament de la plataforma Iddink<\/p>\n<p class=\"wp-block-paragraph\"><a href=\"https:\/\/www.youtube.com\/@Iddinkspain\">https:\/\/www.youtube.com\/@Iddinkspain<\/a><\/p>\n<p class=\"wp-block-paragraph\">\n<h2 class=\"wp-block-heading\">Com comprar<\/h2>\n<div id=\"pdfjs-viewer-skip\" role=\"region\" aria-label=\"PDF Viewer\"><\/div>\n<h2 class=\"wp-block-heading\">Recollida<\/h2>\n\n<h1 class=\"wp-block-heading\"><b>Llibres de text 2026-2027\u00a0<\/b><\/h1>\n<h2 class=\"wp-block-heading\">1r ESO<\/h2>\n<h2><\/h2>\n<h2 class=\"wp-block-heading\">2n ESO<\/h2>\n<div id=\"pdfjs-viewer-skip\" role=\"region\" aria-label=\"PDF Viewer\"><\/div>\n<h2 class=\"wp-block-heading\">3r ESO<\/h2>\n<div id=\"pdfjs-viewer-skip\" role=\"region\" aria-label=\"PDF Viewer\"><\/div>\n<h2 class=\"wp-block-heading\">3r ESO amb PDC<\/h2>\n<div id=\"pdfjs-viewer-skip\" role=\"region\" aria-label=\"PDF Viewer\"><\/div>\n<h2 class=\"wp-block-heading\">4t ESO<\/h2>\n<div id=\"pdfjs-viewer-skip\" role=\"region\" aria-label=\"PDF Viewer\"><\/div>\n<h2 class=\"wp-block-heading\">4t ESO amb PDC<\/h2>\n<div id=\"pdfjs-viewer-skip\" role=\"region\" aria-label=\"PDF Viewer\"><\/div>\n<h2 class=\"wp-block-heading\">1r Batxillerat BHCS<\/h2>\n<div id=\"pdfjs-viewer-skip\" role=\"region\" aria-label=\"PDF Viewer\"><\/div>\n<h2 class=\"wp-block-heading\">1r Batxillerat BCT<\/h2>\n<div id=\"pdfjs-viewer-skip\" role=\"region\" aria-label=\"PDF Viewer\"><\/div>\n<h2 class=\"wp-block-heading\">1r Batxillerat General<\/h2>\n<div id=\"pdfjs-viewer-skip\" role=\"region\" aria-label=\"PDF Viewer\"><\/div>\n<h2 class=\"wp-block-heading\">2n Batxillerat BHCS<\/h2>\n<h2><\/h2>\n<h2 class=\"wp-block-heading\">2n Batxillerat BCT<\/h2>\n<h2><\/h2>\n<h2 class=\"wp-block-heading\">2n Batxillerat GEN<\/h2>\n<div class=\"pdfjs-fullscreen\"><\/div>\n<div><\/div>\n","protected":false},"excerpt":{"rendered":"<p>El nostre centre aposta per la sostenibilitat i el consum responsable mitjan\u00e7ant el reciclatge i la reutilitzaci\u00f3 de llibres de [&hellip;]<\/p>\n","protected":false},"author":1,"featured_media":0,"parent":0,"menu_order":0,"comment_status":"closed","ping_status":"closed","template":"","meta":{"footnotes":""},"class_list":["post-905796","page","type-page","status-publish","hentry"],"jetpack_shortlink":"https:\/\/wp.me\/P3jygz-3NDC","jetpack_sharing_enabled":true,"_links":{"self":[{"href":"https:\/\/www.iesemilidarder.com\/web\/wp-json\/wp\/v2\/pages\/905796","targetHints":{"allow":["GET"]}}],"collection":[{"href":"https:\/\/www.iesemilidarder.com\/web\/wp-json\/wp\/v2\/pages"}],"about":[{"href":"https:\/\/www.iesemilidarder.com\/web\/wp-json\/wp\/v2\/types\/page"}],"author":[{"embeddable":true,"href":"https:\/\/www.iesemilidarder.com\/web\/wp-json\/wp\/v2\/users\/1"}],"replies":[{"embeddable":true,"href":"https:\/\/www.iesemilidarder.com\/web\/wp-json\/wp\/v2\/comments?post=905796"}],"version-history":[{"count":2,"href":"https:\/\/www.iesemilidarder.com\/web\/wp-json\/wp\/v2\/pages\/905796\/revisions"}],"predecessor-version":[{"id":905798,"href":"https:\/\/www.iesemilidarder.com\/web\/wp-json\/wp\/v2\/pages\/905796\/revisions\/905798"}],"wp:attachment":[{"href":"https:\/\/www.iesemilidarder.com\/web\/wp-json\/wp\/v2\/media?parent=905796"}],"curies":[{"name":"wp","href":"https:\/\/api.w.org\/{rel}","templated":true}]}}

<div>
<h3>El nostre centre aposta per la sostenibilitat i el consum responsable mitjançant el reciclatge i la reutilització de llibres de text en col·laboració amb Iddink. Aquest projecte permet donar una segona vida als llibres escolars, reduint l’impacte ambiental i fomentant valors com la responsabilitat, la solidaritat i el respecte pel medi ambient dins la nostra comunitat educativa.</h3>
<h3>El programa de reutilització de llibres d’Iddink ofereix a les famílies la possibilitat d’adquirir llibres de text reutilitzables a un preu reduït, afavorint tant l’estalvi econòmic com la sostenibilitat.</h3>
<h3>Els llibres s’utilitzen durant tot el curs escolar i, una vegada finalitzat, es retornen en bon estat perquè puguin ser reutilitzats per altres alumnes el curs següent. D’aquesta manera, contribuïm entre tots a un ús més eficient dels recursos i a la reducció de residus.</h3>
</div>
<p class="wp-block-paragraph"><strong>Vídeos explicatius</strong> sobre el funcionament de la plataforma Iddink</p>
<p class="wp-block-paragraph"><a href="https://www.youtube.com/@Iddinkspain">https://www.youtube.com/@Iddinkspain</a></p>
<p class="wp-block-paragraph">
<h2 class="wp-block-heading">Com comprar</h2>
<div id="pdfjs-viewer-skip" role="region" aria-label="PDF Viewer"></div>
<h2 class="wp-block-heading">Recollida</h2>

<h1 class="wp-block-heading"><b>Llibres de text 2026-2027 </b></h1>
<h2 class="wp-block-heading">1r ESO</h2>
<h2></h2>
<h2 class="wp-block-heading">2n ESO</h2>
<div id="pdfjs-viewer-skip" role="region" aria-label="PDF Viewer"></div>
<h2 class="wp-block-heading">3r ESO</h2>
<div id="pdfjs-viewer-skip" role="region" aria-label="PDF Viewer"></div>
<h2 class="wp-block-heading">3r ESO amb PDC</h2>
<div id="pdfjs-viewer-skip" role="region" aria-label="PDF Viewer"></div>
<h2 class="wp-block-heading">4t ESO</h2>
<div id="pdfjs-viewer-skip" role="region" aria-label="PDF Viewer"></div>
<h2 class="wp-block-heading">4t ESO amb PDC</h2>
<div id="pdfjs-viewer-skip" role="region" aria-label="PDF Viewer"></div>
<h2 class="wp-block-heading">1r Batxillerat BHCS</h2>
<div id="pdfjs-viewer-skip" role="region" aria-label="PDF Viewer"></div>
<h2 class="wp-block-heading">1r Batxillerat BCT</h2>
<div id="pdfjs-viewer-skip" role="region" aria-label="PDF Viewer"></div>
<h2 class="wp-block-heading">1r Batxillerat General</h2>
<div id="pdfjs-viewer-skip" role="region" aria-label="PDF Viewer"></div>
<h2 class="wp-block-heading">2n Batxillerat BHCS</h2>
<h2></h2>
<h2 class="wp-block-heading">2n Batxillerat BCT</h2>
<h2></h2>
<h2 class="wp-block-heading">2n Batxillerat GEN</h2>
<div class="pdfjs-fullscreen"></div>
<div></div>

<p>El nostre centre aposta per la sostenibilitat i el consum responsable mitjançant el reciclatge i la reutilització de llibres de [&hellip;]</p>
